*q + 0 - 108 = -2*l, 4*l = 4*q - 208. Let s(f) = -f**2 + 6*f + 9. Calculate the remainder when q is divided by s(5).
11
What is the remainder when 15 + 0/3 + 4 is divided by 3?
1
Let u = 1 + 6. Calculate the remainder when 23 is divided by u.
2
Let j be (-6)/4 + (-2)/4. Let t(b) = 4*b**2 + b - 2 + b**3 - 2*b**3 - 3*b**2. Calculate the remainder when 14 is divided by t(j).
6
Suppose 54 = 5*k - 26. What is the remainder when k is divided by 5?
1
Let v = 55 - 5. Let n(l) = -17*l. Calculate the remainder when v is divided by n(-1).
16
Let w(u) = -u**3 + 8*u**2 + 8*u - 9. Let q be w(8). Let g = 30 - q. Let a = g - -35. Calculate the remainder when 18 is divided by a.
8
Suppose 4*u + 123 = 5*n + 33, -n = u - 18. Let x = -6 + n. What is the remainder when 32 is divided by (-2 - -2) + -1 + x?
10
Let v = -141 + 168. What is the remainder when v is divided by 5?
2
Suppose -42*x + 46*x - 84 = 0. Let q = 137 + -97. Calculate the remainder when q is divided by x.
19
Let b(w) = -w**3 + 7*w**2 - 3*w - 2. Let f be b(6). Suppose 3*t = 11 + f. Let s(x) = x**2 + 8*x - 13. What is the remainder when s(-12) is divided by t?
8
Let i(b) = b**3 + 9*b**2 - 2*b - 13. Suppose 2*m + 5*o - 33 = -0*o, 0 = 3*o - 3. Calculate the remainder when m is divided by i(-9).
4
Suppose -u + 4*u + 2*j = 222, j = u - 79. Suppose u + 12 = 2*o. What is the remainder when o is divided by 16?
12
Let m(k) = 4*k**3 - 1. What is the remainder when 9 is divided by m(1)?
0
Suppose 4*g - 4 = p, -4*p + 5*g = -3 - 3. What is the remainder when p is divided by 3?
1
Suppose 0 = 14*n - 11*n - 12. What is the remainder when 11 is divided by n?
3
Let p be (6/(-4))/(2/(-88)). Suppose -5*u - 32 = -52. Suppose -5*j = u*a - p, 0*j = -2*j + 5*a. What is the remainder when j is divided by 3?
1
Let p = 43 - 30. What is the remainder when 15 is divided by p?
2
Calculate the remainder when 2*(-2)/4*-197 is divided by 40.
37
Suppose -3*h + 4*k = -4*h - 12, h - k - 13 = 0. Let f = h - 5. What is the remainder when f is divided by 2?
1
Let f(r) = -r**3 + r. Let d be f(0). Suppose -5*b + 15 = d, -4*t - t + 135 = 5*b. What is the remainder when t is divided by 16 + 15/(20/(-4))?
11
Let q(p) = -3*p**2 - 3*p + 1. Let d(k) = 4*k**2 + 3*k - 2. Let h(z) = 4*d(z) + 5*q(z). What is the remainder when 27 is divided by h(-2)?
6
Let h = 219 + -211. Let p = 86 + -57. What is the remainder when p is divided by h?
5
Suppose 9*l = -3*l + 1020. What is the remainder when l is divided by 11?
8
Suppose 7*k = 5*c + 2*k - 275, 291 = 5*c + 3*k. What is the remainder when c is divided by 15?
12
Let q = -18 + 37. Calculate the remainder when 75 is divided by q.
18
Suppose 0*j = -3*j + 222. Calculate the remainder when j is divided by 19.
17
Let d = -2 - -47. Suppose 5*m = -0*m + d. Calculate the remainder when m is divided by 6.
3
Let w be (-17)/3 - 3/9. What is the remainder when 4 is divided by 3/(-6)*w + -1?
0
Let n(t) = -t**2 - 22*t - 43. What is the remainder when 21 is divided by n(-19)?
7
Suppose 4*z + 0*z = -l + 64, 0 = -z - 2*l + 9. Let v(i) = i**3 + 9*i**2 + 6*i - 6. Let t = 9 + -16. Calculate the remainder when v(t) is divided by z.
16
Suppose -32 = -3*i + 46. Calculate the remainder when i is divided by 19.
7
Let l(r) = -r**3 + 6*r**2 + 6*r - 6. Suppose 2*n - 3*v = 5*n - 42, 0 = 4*n - 5*v - 74. What is the remainder when l(6) is divided by n?
14
Suppose -2*b + 133 = z, 3*b + 426 = -0*z + 3*z. Suppose -r - z = 31. Calculate the remainder when r/(-6) + (-3)/9 is divided by 15.
13
Suppose 3*q + f - 151 = -0*f, -q + 33 = -4*f. What is the remainder when q is divided by 17?
15
Let a = 46 - 0. Calculate the remainder when a is divided by 24.
22
Let i = 46 + -30. Let k = 26 - i. Calculate the remainder when 29 is divided by k.
9
Let o(f) = 4*f**2 - 10*f + 18. What is the remainder when o(4) is divided by 15?
12
Let j(r) = -r**2 + 7*r + 5. Let k be j(7). Suppose w + 8 = k*w. Calculate the remainder when 7 is divided by w.
1
Suppose -3*z + 5*w = -48, 2*z - w + 4*w - 32 = 0. Suppose 0 = -a - z. Let c = a - -29. What is the remainder when 38 is divided by c?
12
Suppose 3*r = -3*w + 15, -4*r = -0*w + 2*w - 8. Calculate the remainder when w is divided by 5.
1
Let d = -3 + 4. Let m = d - 2. Calculate the remainder when 7 is divided by 5 + -2 + (-1 - m).
1
Let k(d) be the second derivative of -7/2*d**2 - 2*d + 0 - 1/12*d**4 + 2*d**3. Calculate the remainder when k(11) is divided by 2.
0
Let w(b) = 2*b**2 + 4*b + 6. What is the remainder when w(3) is divided by 19?
17
Suppose -3*s = 2*n - 16, 0*s + 5*s - 2*n = 32. Let u = 17 + s. Suppose j + m - 6 + 0 = 0, 0 = 4*j - 3*m - 38. Calculate the remainder when u is divided by j.
7
Let t = -10 - -13. Suppose -t*k - k = -8. Suppose k = w, -5*w = 3*f - 0*f - 76. What is the remainder when 64 is divided by f?
20
Suppose -3*a = -0*a + 6. Let j = 8 + a. Calculate the remainder when 8 is divided by -3*((-10)/j + 0).
3
Let p be 24/14 - 4/(-14). Suppose -k = -x - 3, -p*x + 8 = 2*x. Let c = 20 + -11. Calculate the remainder when c is divided by k.
4
What is the remainder when ((-8)/(-6))/(-2) + 128/3 is divided by 12?
6
What is the remainder when 15 - (1 - (-1 + 0)) is divided by 344/44 + (-6)/(-33)?
5
Suppose k + 9*k = 290. Calculate the remainder when 86 is divided by k.
28
Suppose 2*y = 2*c, 9 + 5 = -5*y - 2*c. Let k = y - -4. Suppose 5*l - 30 = -2*r + 1, -r = -k*l - 11. What is the remainder when 24 is divided by r?
11
Let d(r) = -r + 6. Let b be d(4). Suppose -2*z + 79 = -3*a, z + b*a = -2*a + 12. What is the remainder when z is divided by 11?
10
Suppose q + 2*j - 23 = j, 0 = -2*j. Calculate the remainder when 44 is divided by q.
21
Suppose 0*j - 4*c + 10 = 3*j, 5*c = 4*j - 3. Let f(z) = 12*z + 1. Let i be f(j). Suppose 2*g = i - 1. What is the remainder when 23 is divided by g?
11
What is the remainder when 1/(-2)*(-82 - 4) is divided by 12?
7
What is the remainder when -1*(-63)/(-3)*-2 is divided by 22?
20
Let n be (14/3)/(6/9). Suppose 2*k + 15 = n*k. Calculate the remainder when k is divided by 10/6 - 1/(-3).
1
What is the remainder when 22 is divided by 13 - (9 - (1 + 3))?
6
Let j(a) = -a. Let n be j(-5). Suppose -2*h = -0*m + n*m - 202, 4*m - 5*h = 188. Suppose 53 + m = 5*o. Calculate the remainder when o is divided by 10.
9
Suppose 5*b + 6 = 26. Suppose -182 + 12 = -10*i. What is the remainder when i is divided by b?
1
Let i = -11 - 2. Let b be 1 - 15*(-8)/6. Let z = i + b. What is the remainder when 14 is divided by z?
6
Let f be (8 - 0)*(-2)/(-4). Let q be f/10*(-2 + 67). Suppose -2*d + q = -0*d. What is the remainder when d is divided by 5?
3
Suppose 3*w - 159 = 3*z, 3*w + 3*z = 67 + 92. Suppose 0 = 5*j - 112 - w. Calculate the remainder when j is divided by 9.
6
Let q(n) = -2*n + 32. Calculate the remainder when 74 is divided by q(8).
10
Suppose -67*j + 62*j + 205 = 0. What is the remainder when j is divided by 21?
20
Let s = -12 + 18. Let v = -14 + 24. Calculate the remainder when v is divided by s.
4
Let o(j) = j**2 + 9*j - 2. Let p be o(-9). What is the remainder when (p - -1)/((-5)/135) is divided by 14?
13
Suppose 2*r + 12 = -r. Calculate the remainder when 22 is divided by 0/r - (-12)/1.
10
Let q = 35 - 22. Calculate the remainder when 49 is divided by q.
10
Suppose 3*s - 107 - 1 = 0. Calculate the remainder when s is divided by 13.
10
Let n be ((-4)/(-3))/((-2)/93). Let t = -16 - n. What is the remainder when t is divided by 12?
10
Let y(v) = 5*v**2 + 4*v. Let f be y(3). Suppose 5*o - 6*c = -4*c + 109, 0 = 3*o - 4*c - f. What is the remainder when o is divided by 12?
11
Let u(l) = -l + 2. Suppose 2*o - 5 = 3*o. Calculate the remainder when 13 is divided by u(o).
6
Suppose 7*c - 66 = 5*c. What is the remainder when 162 is divided by c?
30
Calculate the remainder when 23 is divided by (36/10)/(2/5).
5
Suppose 18 = a - c, 0 = -3*a + 2*c + 3*c + 60. What is the remainder when 57 is divided by a?
12
Suppose 0 = -2*d + 1 - 5. What is the remainder when 2 + 24 + (d - -1) is divided by 9?
7
Suppose 0 = 2*o + 5*z - 30, 0 = -4*o + 2*z - 0*z + 60. What is the remainder when -4*(-1)/(-2)*(-70)/5 is divided by o?
13
Calculate the remainder when (-4)/(-6)*(-8 - 868/(-8)) is divided by 21.
4
Suppose -2*i = 3*i - 125. Let g(q) = 9*q + 4. Let w(y) = -26*y - 11. Let c(v) = -8*g(v) - 3*w(v). What i